s. Let h = 82 - p. Calculate the highest common divisor of h and 30.
15
Suppose -7781 - 13275 = -64*k. What is the greatest common factor of k and 371?
7
Suppose -o - 68 = -230. Suppose 7*v - 11*v = 16. Let j(y) = -y**3 - 5*y**2 - 6*y + 10. Let z be j(v). Calculate the highest common divisor of o and z.
18
Let z = 180 - 54. Suppose 129*v = z*v + 87. What is the greatest common divisor of v and 58?
29
Let h be ((-9)/3)/((-101)/55550). What is the highest common factor of 440 and h?
110
Let z(x) = 6*x + 86. Let g be 11 + ((-18)/3)/((-12)/8). Let a be z(g). What is the highest common factor of 16 and a?
16
Let l be (-92)/6 - (-5)/(75/(-10)). Let t(p) = 2*p**3 + 32*p**2 + 2*p + 34. Let k be t(l). What is the highest common factor of k and 18?
2
Let w = 3492 - 3387. Calculate the highest common factor of w and 225.
15
Let r = -3547 + 3981. Calculate the highest common divisor of 1519 and r.
217
Suppose -5*o = 40*l - 41*l + 14, -5*l + 30 = -5*o. Suppose 3*a - l*s - 62 = 90, 3*a - 5*s = 154. What is the highest common divisor of a and 156?
12
Let h(l) = 7*l**3 + 4*l**2 - 10*l + 8. Let q be h(2). What is the greatest common factor of q and 250?
10
Let g = -6970 + 7090. Calculate the greatest common factor of g and 2190.
30
Let i = 11 - 8. Suppose 0 = -i*b + 7*b - 172. Suppose -3*g - 2*u + b + 43 = 0, 2*g = 3*u + 66. What is the greatest common factor of g and 6?
6
Let f be -6262*(2/(-2))/(18 - 16). What is the greatest common divisor of f and 202?
101
Let p = -2155 - -3469. What is the greatest common divisor of 36 and p?
18
Suppose 0 = -9*v + 5*v + 13*d + 7847, v + 3*d = 1968. What is the highest common factor of 60 and v?
15
Suppose 139*v - 21975 = -135*v - 19*v. What is the highest common factor of v and 9345?
15
Let j = 91 + -88. Suppose 1537 = j*m - b, 5*m + 3*b - 2535 = -2*b. Calculate the highest common factor of 7 and m.
7
Let l be (1 + -3 + -16)*-1. Let v(b) = -2*b + 7. Let d be v(2). Suppose -d*j + 0*j = -594. Calculate the highest common divisor of j and l.
18
Let y = 512 - 508. Suppose -5*x = 2*p - 12, 4*x = 3*x + 5*p - 3. Suppose -6*q + 52 = -x*q - 3*b, -4*q = b - 36. What is the highest common factor of y and q?
2
Suppose -26*u - 3 = -25*u. Let r be 598/u*(-6)/(-12)*-3. Calculate the greatest common divisor of 13 and r.
13
Let u be -8*1*(-17)/2. Let n(o) = 51*o - 493. Suppose 35*q - 32*q - 30 = 0. Let h be n(q). Calculate the highest common divisor of u and h.
17
Let y be 0 + 2/((-12)/(-54)). Let c be ((-3)/y*1)/(4/(-120)). Calculate the highest common divisor of 370 and c.
10
Let v = 407 - 402. Let l be (v + 1)/(8/(0 + 4)). Calculate the highest common divisor of l and 201.
3
Let v = 33 + -28. Suppose 0 = 61*u - 18270 - 7045. What is the highest common divisor of u and v?
5
Let p be (-1 - -1 - -1781) + -1. Let d be p/9 - (-2)/9. Let v = 116665 - 116647. Calculate the highest common divisor of d and v.
18
Suppose 2*j - 112 = 5*b + 115, -6*b + 408 = 3*j. Let q = 34 + 2. Calculate the highest common factor of q and j.
18
Suppose 2305*j - 18396 = 2159*j. What is the highest common factor of j and 182?
14
Let o be (5/((-70)/(-8)))/(16/3416). Suppose -2*f + o = c - 417, 1577 = 3*c - 4*f. What is the greatest common factor of 18 and c?
9
Let c = -152261 + 152271. Let h = 24 - 10. Calculate the greatest common factor of h and c.
2
Let n(l) = -2*l**3 - 33*l**2 + 6*l - 50. Let b be n(-17). Suppose g - b = -0*g - 3*h, 0 = -2*g - h + 279. Calculate the highest common divisor of 220 and g.
20
Let r be (49 - (-10472)/(-168))*-3. Suppose -k - 15 = -2*k. Calculate the greatest common factor of k and r.
5
Let n = -3 - -19. Suppose -2*h - 50 = 4*u, -n = 4*u + 4. Let s be ((-126)/15)/(h/100). What is the greatest common divisor of 8 and s?
8
Let z = -487 + 1187. What is the greatest common factor of 125 and z?
25
Suppose h = 3*i + 89, -2*h + 2*i + 2*i = -176. Let r = h + -44. Suppose 180156 = 3423*z - 35493. What is the greatest common divisor of r and z?
21
Suppose 12*f + 8*f - 133 = 107. Calculate the greatest common divisor of 831 and f.
3
Suppose -12*u = 15*u - 250350 - 258978. Calculate the greatest common factor of 288 and u.
144
Suppose 5*w = -3*v + 55, -118*w + 114*w = -5*v + 30. Calculate the highest common factor of 81 and v.
1
Suppose 4*o = -2*t - 16, 4*o = -t - 3*t - 32. Let j be (t/5)/(12/270). Let y be (-297)/j + (-2)/8. Calculate the greatest common divisor of y and 12.
4
Let t(s) = 7*s**3 - 17*s**2 + 50*s + 62. Let z be t(8). Calculate the greatest common factor of z and 522.
174
Suppose 0*u = -i - 3*u + 1067, 2*i - 2*u = 2150. Calculate the greatest common factor of 29 and i.
29
Let p(q) = -q**2 - 6*q + 14. Let f = -46 - -39. Let k be p(f). Let a be 14 - (-4 + k/1). Calculate the greatest common divisor of a and 77.
11
Let j be -2*9*((-15)/(-10) - 0). Let n be (j - -22)*(-5 - (2 - 2)). Calculate the highest common factor of 1 and n.
1
Let m = 57 + -57. Suppose m = -9*v + 539 + 829. What is the highest common divisor of v and 8?
8
Let v = -629 - -611. Let t(h) = 14*h + 266. Let d be t(v). Calculate the highest common factor of 287 and d.
7
Suppose -4*j - 6*j + 3130 = 0. Let n = 376 - j. What is the greatest common divisor of 9 and n?
9
Let g be (6 - 580/95) + 12846/19. What is the greatest common divisor of 143 and g?
13
Let i = 18 + 39. Let f = 162 - i. Let k = -32 + 53. Calculate the highest common divisor of f and k.
21
Let m be (-1284)/(-963) + ((-142)/(-3))/(2*1). Calculate the highest common factor of m and 50.
25
Let f(b) = b**3 - 17*b**2 + 18*b - 6. Let v = -106 - -122. Let h be f(v). Let a be (3 - 1)*h/1. Calculate the highest common factor of 26 and a.
26
Let l(a) = -485*a + 2678. Let y be l(5). What is the greatest common divisor of y and 46?
23
Let c = -331 + 289. Let z = c + 51. Calculate the highest common divisor of z and 117.
9
Let v(j) = -801*j - 7169. Let n be v(-9). Calculate the highest common factor of 182 and n.
2
Suppose 5*a + 16 = 6*a. Suppose -4*p - 4*s + 20 = 0, -5*s + a = -s. Calculate the greatest common factor of 9 and p.
1
Suppose -2*k - z = -527, 4*k = -0*k + 2*z + 1058. Calculate the highest common factor of 72 and k.
24
Suppose 9 = -5*v - 4*g - 0*g, 2*v = g - 1. Let y(p) = -2*p**3 + p**2 - 20*p - 21. Let o be y(v). Calculate the greatest common divisor of 32 and o.
2
Suppose 6*a = 26 + 34. Let p be -72*(3 - (-145)/(-15)). Suppose p + 1370 = a*o. Calculate the greatest common factor of 74 and o.
37
Let l(c) = 23*c - 13. Let n(q) = -q + 10. Let r be n(7). Let v be l(r). Suppose 13*x - v = 11*x. Calculate the highest common divisor of x and 308.
28
Let i be 20*6*(5 + -11 + 27/4). Calculate the highest common factor of i and 36.
18
Suppose -27 = 10*i - 13*i. Calculate the highest common divisor of 93 and i.
3
Suppose v - 264 = -3*v. Let r(k) = -9*k - 50 - 2*k**2 + 31 - 4*k + 32. Let w be r(-7). What is the greatest common divisor of v and w?
6
Let u be 2*(1827/(-14) - (-1 - 4)). Let w = -241 - u. What is the highest common factor of 70 and w?
10
Let o be ((-1)/3*2)/(6/261). Let y = o - -65. Suppose -5 = -5*a - 3*p + y, -5 = a + 5*p. Calculate the greatest common factor of a and 15.
5
Suppose 26*k + w + 14605 = 27*k, -3*k + 43825 = 2*w. Calculate the highest common divisor of 27 and k.
27
Suppose 22*v - 28*v + 4128 = y, -3*y + 705 = v. Calculate the highest common divisor of 9847 and v.
229
Let m(b) = 80*b**2 + 410*b + 16. Let f be m(-9). What is the highest common divisor of 366 and f?
122
Suppose 0*s + 5*s = 4*s. Suppose -5*x + k + 2156 = s, 3*x - 7*x = 3*k - 1740. Calculate the highest common divisor of x and 48.
48
Let x be (6/28)/((25 + -21)/56). What is the highest common divisor of x and 121?
1
Let b be 7440/9 - (-120)/90. What is the highest common divisor of b and 144?
36
Let f = -30476 + 31466. What is the highest common divisor of 1122 and f?
66
Let f(b) = b**3 + 8*b**2 - 6*b + 9. Let y be f(-7). Let h = y - 87. Let s = 42 + 49. What is the highest common factor of s and h?
13
Let d(z) = -41*z + 1288. Let i be d(18). Calculate the highest common divisor of 300 and i.
50
Let f(u) = -u**3 + 4*u. Let b be f(-3). Suppose -9*v + 135 = 6*v. Suppose -o - 3*j + v = o, 0 = -3*o - 2*j + 11. What is the highest common divisor of o and b?
3
Suppose 9 = -69*u + 87*u - 9. Calculate the highest common divisor o